mmon divisor of 23232805 and 545.
545
What is the greatest common factor of 6478 and 3034?
82
Calculate the greatest common factor of 360 and 300360.
120
Calculate the greatest common factor of 1095484 and 52.
52
Calculate the greatest common divisor of 7587804 and 21.
21
What is the highest common factor of 2277304 and 424?
424
What is the highest common divisor of 204 and 23964?
12
What is the greatest common factor of 1788 and 19284?
12
What is the greatest common factor of 203376 and 20962?
446
What is the highest common factor of 400 and 6256960?
80
What is the highest common divisor of 1176 and 26852?
196
What is the highest common divisor of 684 and 223326?
342
Calculate the greatest common factor of 154 and 4088.
14
Calculate the highest common divisor of 1448 and 31.
1
What is the greatest common factor of 1596 and 20316?
12
What is the highest common factor of 11005 and 119815?
155
Calculate the highest common factor of 2640016 and 32.
16
Calculate the greatest common divisor of 18490 and 172.
86
What is the greatest common divisor of 1488 and 5332?
124
What is the greatest common factor of 288 and 82528?
32
What is the highest common divisor of 1584 and 23958?
198
What is the highest common factor of 55154 and 322?
46
Calculate the greatest common factor of 8094 and 2337.
57
Calculate the greatest common factor of 8449 and 595.
119
Calculate the highest common factor of 13694 and 4843.
167
Calculate the highest common factor of 47888 and 200312.
584
Calculate the greatest common factor of 89 and 1586.
1
Calculate the highest common divisor of 16058 and 992.
62
What is the greatest common divisor of 27748012 and 68?
68
What is the greatest common divisor of 1488 and 1860?
372
What is the greatest common divisor of 108566 and 38?
38
What is the greatest common factor of 17300 and 99821?
173
What is the greatest common factor of 7854 and 208362?
462
What is the greatest common divisor of 3660 and 760?
20
Calculate the greatest common divisor of 104 and 24.
8
Calculate the highest common divisor of 25 and 17175.
25
Calculate the greatest common divisor of 789579 and 302.
151
What is the highest common divisor of 32030 and 770?
10
What is the highest common divisor of 10458 and 32130?
126
What is the highest common factor of 35 and 566545?
35
What is the highest common factor of 1312 and 3352816?
656
What is the greatest common divisor of 40 and 2635?
5
What is the greatest common divisor of 1634 and 236113?
817
Calculate the highest common divisor of 54 and 14334786.
54
What is the highest common factor of 7560 and 4920?
120
What is the highest common divisor of 4815749 and 107?
107
Calculate the highest common divisor of 25191 and 13527.
81
Calculate the greatest common factor of 1396030 and 1370.
1370
What is the highest common divisor of 9800 and 550760?
1960
What is the highest common factor of 1495326 and 7?
7
What is the greatest common divisor of 47500 and 38?
38
Calculate the greatest common factor of 814 and 786694.
74
Calculate the highest common divisor of 34620 and 192.
12
Calculate the greatest common divisor of 64 and 997.
1
Calculate the greatest common divisor of 13222 and 1958.
22
What is the highest common divisor of 17422 and 93?
31
Calculate the highest common divisor of 5836248 and 396.
396
Calculate the highest common divisor of 1273 and 23484.
19
Calculate the highest common factor of 1978053 and 231.
231
What is the greatest common divisor of 16340 and 1900?
380
What is the highest common factor of 126 and 206226?
18
What is the highest common factor of 3073177 and 397?
397
What is the highest common divisor of 159302 and 4862?
286
Calculate the greatest common factor of 252 and 12324.
12
Calculate the highest common divisor of 75 and 666975.
75
What is the greatest common divisor of 4 and 40972?
4
What is the greatest common factor of 40704 and 75048?
1272
Calculate the greatest common divisor of 38 and 1979078.
38
What is the greatest common divisor of 1575 and 117360?
45
What is the greatest common factor of 1598 and 21103?
47
Calculate the greatest common divisor of 77 and 7903819.
77
Calculate the highest common factor of 325572 and 12.
12
Calculate the greatest common factor of 302 and 1628082.
302
Calculate the highest common factor of 78 and 137778.
6
What is the greatest common divisor of 4991026 and 538?
538
What is the highest common divisor of 388217 and 23?
23
What is the greatest common factor of 26 and 147810?
26
Calculate the greatest common factor of 2353 and 377.
13
What is the greatest common factor of 34670 and 110?
10
What is the highest common divisor of 5208 and 3999?
93
Calculate the greatest common factor of 28 and 12764.
4
What is the highest common factor of 8848 and 208?
16
What is the greatest common factor of 493080 and 56?
56
What is the greatest common factor of 3064 and 136?
8
Calculate the highest common divisor of 104341 and 4837.
691
Calculate the highest common factor of 1232 and 952.
56
What is the highest common divisor of 6526 and 20080?
502
Calculate the greatest common factor of 32037 and 219372.
543
What is the highest common divisor of 24544 and 286?
26
Calculate the highest common divisor of 56 and 4672.
8
Calculate the greatest common factor of 88 and 796.
4
Calculate the greatest common divisor of 143210 and 5.
5
What is the highest common divisor of 12 and 8916?
12
Calculate the greatest common factor of 654377 and 1382.
691
Calculate the highest common divisor of 1536 and 11631.
3
What is the highest common factor of 132 and 573540?
132
What is the greatest common divisor of 2119201 and 21?
7
Calculate the highest common divisor of 31 and 3690.
1
Calculate the greatest common factor of 307560 and 1408.
88
Calculate the highest common factor of 17960 and 85.
5
Calculate the highest common divisor of 214 and 2818273.
107
Calculate the highest common factor of 11881 and 763.
109
Calculate the greatest common divisor of 146 and 214.
2
Calculate the highest common divisor of 538 and 1132.
2
What is the highest common divisor of 457 and 43872?
457
What is the highest common divisor of 147 and 313887?
21
Calculate the highest common divisor of 29838 and 30.
6
Calculate the greatest common divisor of 2155 and 265.
5
What is the highest common factor of 54041 and 481?
13
Calculate the highest common divisor of 55011 and 44.
11
Calculate the highest common divisor of 444414 and 1122.
102
What is the greatest common factor of 2443 and 917?
7
Calculate the highest common factor of 192 and 9732.
12
What is the greatest common divisor of 19517 and 7569?
29
Calculate the greatest common divisor of 58517 and 3912.
163
Calculate the greatest common divisor of 44 and 1198285.
11
What is the greatest common divisor of 14644 and 56?
28
What is the greatest common divisor of 874 and 1999275?
437
Calculate the greatest common factor of 150 and 16270.
10
What is the highest common divisor of 25025 and 11726?
143
What is the greatest common factor of 1173 and 2139?
69
Calculate the highest common divisor of 182 and 1052254.
14
Calculate the greatest common divisor of 13601560 and 868.
868
Calculate the greatest common divisor of 240700 and 4930.
290
Calculate the greatest common factor of 1445 and 316370.
85
Calculate the highest common factor of 144 and 1750500.
36
What is the highest common divisor of 154 and 352?
22
What is the greatest common divisor of 416 and 1612?
52
What is the highest common factor of 110 and 42405?
55
What is the greatest common divisor of 16 and 1117856?
16
Calculate the highest common factor of 104449 and 298.
149
Calculate the highest common divisor of 1586 and 1261.
13
What is the highest common factor of 16834 and 342?
38
Calculate the highest common factor of 15531 and 14384.
31
Calculate the greatest common factor of 945 and 40770.
135
What is the highest common factor of 20090 and 441?
49
What is the highest common divisor of 195 and 10257?
39
What is the greatest common factor of 101342 and 2?
2
What is the greatest common divisor of 3141 and 1658099?
349
What is the highest common factor of 1050 and 1600?
50
Calculate the greatest common divisor of 1121 and 34456.
59
Calculate the greatest common factor of 4432580 and 160.
20
Calculate the highest